31, y - 23 = q*w. Let n = 37 - y. What is the tens digit of n?
1
Let h(q) = q**3 - 17*q**2 - 3*q - 1. What is the tens digit of h(18)?
6
Let l = -32 - -36. Suppose -4*c = -l - 8. Suppose -c*n - 5*n + 104 = 0. What is the units digit of n?
3
Let s(i) = 19*i**2 + 27*i - 156. What is the hundreds digit of s(6)?
6
Suppose 2*b + 0 = -16. Let z(g) = g**3 + 7*g**2 - 9*g - 5. Let o be z(b). Suppose -t = o*t - 136. What is the units digit of t?
4
Suppose 2*w - 9*w - 35 = 0. What is the units digit of (w - -8) + -1 + 0?
2
Let u(b) = -7*b - 3. Let n be u(-6). Let x be (-32)/(-112) - (5/(-7) + 2). What is the units digit of n - (x + (3 - 0))?
7
Let y(t) = -t**2 - 6*t + 7. Let g be y(-8). Let j be 2/3 - 1020/g. Suppose -3*i - i - p + j = 0, i - 5*p = 39. What is the units digit of i?
9
Suppose -5*y = 6*t - t - 26730, -5*y + 5*t + 26680 = 0. What is the hundreds digit of 5 + y/35 + 4/10?
1
Let a be (-50)/18 + (-6)/27. What is the units digit of 0 + 67 + 1 + a?
5
Suppose -2270 = -5*p - 5*c, 3*c + 888 = 2*p + c. What is the tens digit of p?
4
Let i = -82 - -85. Suppose 5*s - 660 = -5*h, i*s + 2*s - 4*h = 615. What is the hundreds digit of s?
1
Let l(j) = -7*j**2 + 11*j + 2. Let r be l(3). Let s = -18 - r. What is the tens digit of s?
1
Let b = 4 + -14. Let n be ((-36)/(-15))/((-4)/b). Suppose -66 = -n*o - 0. What is the units digit of o?
1
Suppose 0 = 4*r - 33 + 101. Let x = r - -59. What is the units digit of x?
2
Suppose -2*n - 104 + 944 = 0. What is the hundreds digit of n?
4
Suppose 0 = g + 1, 5*q = q - g + 7. Let c(u) = -2*u + 2. Let h be c(-3). Suppose 56 - h = q*y. What is the tens digit of y?
2
Suppose -4*a + 5*v + 3257 = 0, -2*a + v + 1151 = -482. What is the hundreds digit of a?
8
Suppose 4*l + 5*k - k = 292, -4*k = -5*l + 356. Suppose -2*j = -2*c + l, -2*j = -2*c + j + 68. What is the tens digit of c?
4
Let c be (-22 - -2)/(0 + 1). What is the tens digit of (39 + -1)*c/(-10)?
7
What is the tens digit of (-566)/(-1981) + (-44)/14*-180?
6
Let s(l) = -3263*l**3 - l**2 - 6*l - 3. What is the hundreds digit of s(-1)?
2
Let a(i) = -19*i**3 + 2*i**2 - 19*i + 3. Let z(n) = 6*n**3 - n**2 + 6*n - 1. Let g(h) = 2*a(h) + 7*z(h). What is the tens digit of g(3)?
9
Let r(x) = -2*x - 5. Let y be r(-4). Suppose -5*f - 2*h + 11 - 4 = 0, 3*f = 4*h + 25. What is the units digit of ((-1)/y)/(f/(-18))?
2
Suppose 8*s - 2784 = -0*s. Suppose -380 - s = -7*l. What is the units digit of l?
4
Suppose -44 = -2*a - 36. Suppose -a*i = 3*w - 62 - 27, i + 106 = 4*w. What is the units digit of w?
7
What is the units digit of (-1516)/1*(5 - 63/12)?
9
Let m(t) = -18*t**3 + 3*t**2 + 7*t + 5. What is the units digit of m(-3)?
7
Let c be -1*(5 - (4 + -1)). What is the units digit of c/4*-4*40/16?
5
Suppose 4*f + 3*j = -0*j - 22, 0 = -4*f - j - 18. What is the tens digit of (-243)/(-9) - (0 + f)?
3
Let y(m) = m**2 + 12*m + 18. Let t be -14 + 1 + (-18)/6. What is the tens digit of y(t)?
8
Let x(p) = p - 4. Let j be x(6). Let n be 0*(j - (-14)/(-6)). Suppose n = q + 3*q - 156. What is the units digit of q?
9
Let g = -26 + 17. Let o be (-3)/g - 6/(-9). What is the tens digit of (13*o)/((-9)/(-36))?
5
Suppose t + 4623 = 4*i, 15*t = 5*i + 19*t - 5805. What is the units digit of i?
7
What is the tens digit of (518 + 0/(-1))*(-120)/(-48)?
9
Let k(m) = 2*m**3 - 3*m + 2. Let w be k(2). Suppose 3*u - 2*u - 94 = -2*b, 0 = -2*b + 5*u + 70. Suppose -9*y = -w*y + b. What is the units digit of y?
5
Suppose -10 = 2*y - 26. Let a = 324 - 268. Suppose -10*o + a = -y*o. What is the units digit of o?
8
Suppose -4 = -u, 5*r - 3*u = -u + 6777. What is the thousands digit of r?
1
Suppose -3*g + g + 8 = 0. Let f = g - -22. What is the units digit of f?
6
Let c be (-118)/(-5) + (-2)/(-5). Suppose 3*t = 223 - 226. What is the units digit of 304/c + t/(-3)?
3
Suppose -7*q + 2 = -6*q. Let o be (16/24)/(q/(-3)). What is the units digit of 2*(3 - (0 - o))?
4
Let p(n) = 30*n - 7 - 4 - 52*n. What is the units digit of p(-6)?
1
Suppose -f + 3 = -3. What is the units digit of (-1276)/(-77) - f/(-14)?
7
Let l(a) be the first derivative of 5*a**3/3 - 3*a**2/2 - 2*a + 10. What is the tens digit of l(-4)?
9
Let a = 25 - 35. Let n = a + 30. What is the units digit of n?
0
Let w = 35 - 29. Suppose 5*c - 98 = -k - k, c = 3*k + w. What is the tens digit of c?
1
Suppose -3*q + 5320 = 15*w - 10*w, -3*q - w = -5300. What is the hundreds digit of q?
7
Let v = 6 + -1. Suppose -w = -4*m - 0*w + 182, -v*w - 10 = 0. What is the tens digit of m?
4
Let i(a) = 661*a**2 + 6*a - 1. What is the units digit of i(-2)?
1
What is the hundreds digit of (28 + -4)/(-6) + -1 - -537?
5
Let c(r) = 5 + 7 + 6 - 19 - 24*r. Suppose -5*j - 4*q = 9, j - 4 = 6*q - q. What is the units digit of c(j)?
3
Let y(n) = -13 + 10*n + 19*n - 17 + 1. What is the units digit of y(4)?
7
Suppose -d = -2*d - 9. Let j(u) = 2*u**2 + 11*u - 15. What is the tens digit of j(d)?
4
Suppose 4*c = n + 5859, -2*n - 940 = 2*c - 3882. What is the hundreds digit of c?
4
Let s be -2*2 + -7 + -67. Let r = 110 + s. What is the tens digit of r?
3
Suppose 9 = -4*l + k, 3*l - 12 = -2*k - k. Let v(a) = a**2 - 6*a - 4. Let d be v(5). Let i = l - d. What is the units digit of i?
8
Suppose -5*o + 0*o - 5*s = 90, o + 5*s + 26 = 0. Let t(d) = -d**3 - 16*d**2 - 3*d - 29. What is the units digit of t(o)?
9
Let c(q) = 58*q**3 + 4*q - 6 - 2 - 13*q**2 - 57*q**3. What is the tens digit of c(13)?
4
Let i be (-1 + 3)/2*59. Suppose 2*z - 37 = t + 101, -z - 2*t = -i. What is the tens digit of z - (4 + 0) - 4?
5
Let u(p) = -97*p - 49. What is the units digit of u(-4)?
9
Suppose 183 = -7*m + 4460. What is the units digit of m?
1
Let o be 8/(-10)*25/(-10). Suppose -5*b - 197 = o*i, 2*b = -2*i + 3*b - 179. Let k = 131 + i. What is the tens digit of k?
4
Let v = 8447 - 4848. What is the hundreds digit of v?
5
Suppose -a = -5*a. Let d = a - -4. Let s(t) = t + 4. What is the units digit of s(d)?
8
Suppose r = -4*r - 30. Let x be (2/r)/(8/(-120)). What is the tens digit of 42*((-40)/(-12))/x?
2
Let q(f) = -24*f**2 - 6*f + 5. Let u(j) = 49*j**2 + 11*j - 9. Let w(m) = 11*q(m) + 6*u(m). What is the units digit of w(-1)?
1
Suppose 3*b = 24 - 9. What is the tens digit of 21 - (4 + -2 - b)?
2
Let k be (-1020)/(-40) - (-1)/(-2). Let r = 35 - k. Suppose -18 = -g + r. What is the tens digit of g?
2
Suppose 0 = -2*l - 3 - 5. Let u be (-2 - -4)/(l/12). Let d(w) = -4*w - 11. What is the units digit of d(u)?
3
Let p be 2*(-16)/(-2) - -2. Let g = p + -10. What is the units digit of (2/(-1))/(g/(-12))?
3
What is the units digit of 65*7 - (-2 - -6)?
1
Let p(s) = 2*s**2 - 2*s - 8. Let r be p(-2). Suppose 0 = i + r*i - 480. What is the tens digit of i?
9
Let p = -79 + 82. Suppose p*m - 776 = -m. What is the tens digit of m?
9
Suppose -127*l + 124*l + 11508 = 0. What is the units digit of l?
6
Let l = -2042 + 2901. What is the hundreds digit of l?
8
Let m be (2 - 91/(-3))/(10/30). Suppose -5*g + 3*x + 416 = 0, 2*x + 2*x = -g + m. What is the tens digit of g?
8
Let h = -28 - -33. Let l(b) = b**2 + 5*b - 9. What is the tens digit of l(h)?
4
Let f = -1109 - -2915. What is the tens digit of f?
0
Suppose 153 = 4*c - 0*c - o, -2*c - 4*o + 90 = 0. Let h = c - 33. What is the units digit of h?
6
Let p(l) = 6*l**2 - 5*l - 2. Let z be p(-4). Let d = z - 73. What is the tens digit of d?
4
Let t be (-6)/(-9) + 0 + (-14)/(-6). Suppose t*b + 598 + 151 = 4*q, 2*q - 379 = -3*b. What is the hundreds digit of q?
1
Suppose 2*h - 17 = -5*a - 8, 24 = -3*h + 5*a. Let s be h + (-15)/3*-1. Suppose s*q - 156 = -q. What is the tens digit of q?
5
Suppose 7*x - 6*x = 0, -5*t - 2*x = -4505. What is the units digit of t?
1
Let o(t) = -17*t - 12. Let y(d) = -d**2 - 8*d + 5. Let n be y(-6). Suppose -4*u + 1 = n. What is the units digit of o(u)?
6
Let c(a) = a**2 + 3*a + 1. Let x be c(-4). Suppose -v = -4*u + 169 - 5, -x*u - 5*v = -230. What is the units digit of u?
2
Let c be (3 - 36/8)*-2 + -1. Suppose 3*z - 2*j = 87, -2*z = c*j + 2*j - 58. What is the tens digit of z?
2
Let w be ((-104)/39)/(1/(-48)). Suppose -4*x - 2*g - w = -0*g, -136 = 4*x + 4*g. Let j = 69 + x. What is the units digit of j?
9
Let f(j) = 2*j + 20. Let i be f(-9). Suppose 5*q - 58 + 178 = i*h, 3*h - 3*q = 198. What is the tens digit of h?
7
Suppose 11*v + 196 = 13*v. What is the units digit